{"id":1524,"date":"2011-01-12T18:10:39","date_gmt":"2011-01-12T20:10:39","guid":{"rendered":"https:\/\/www.levandoapalavra.com\/123\/?page_id=1524"},"modified":"2011-01-12T18:35:57","modified_gmt":"2011-01-12T20:35:57","slug":"no-celular","status":"publish","type":"page","link":"https:\/\/www.levandoapalavra.com\/123\/?page_id=1524","title":{"rendered":"No Celular"},"content":{"rendered":"<p><strong>Levando a Palavra <\/strong><strong>no Celular<a href=\"https:\/\/www.levandoapalavra.com\/123\/wp-content\/uploads\/iphone.jpg\"><img loading=\"lazy\" decoding=\"async\" class=\"size-medium wp-image-1526 alignright\" title=\"iphone\" src=\"https:\/\/www.levandoapalavra.com\/123\/wp-content\/uploads\/iphone-300x163.jpg\" alt=\"\" width=\"300\" height=\"163\" srcset=\"https:\/\/www.levandoapalavra.com\/123\/wp-content\/uploads\/iphone-300x163.jpg 300w, https:\/\/www.levandoapalavra.com\/123\/wp-content\/uploads\/iphone-150x81.jpg 150w, https:\/\/www.levandoapalavra.com\/123\/wp-content\/uploads\/iphone.jpg 801w\" sizes=\"auto, (max-width: 300px) 100vw, 300px\" \/><\/a><\/strong><\/p>\n<p>Leia todas as mensagens direto no seu celular, na vers\u00e3o m\u00f3vel do site.<\/p>\n<p>Coloque o site m\u00f3vel do Levando a Palavra no menu do seu celular (se este recurso estiver dispon\u00edvel),  ou na sua lista de p\u00e1ginas favoritas.<\/p>\n<p><strong>O acesso ao site movel \u00e9 gratuito?<\/strong><\/p>\n<p>Sim, o acesso \u00e9 gratuito. Mas ao digitar o  endere\u00e7o www.levandoapalavra.com no navegador do celular, o usu\u00e1rio  passa a acessar um volume de dados (kbites) a ser cobrado pela  operadora. A cobran\u00e7a varia de acordo com o plano que voc\u00ea contratou. H\u00e1  planos em que voc\u00ea paga por kbite, outros em que voc\u00ea tem acesso a uma  quantidade limitada de dados por uma taxa fixa e outros ainda em que  paga uma taxa pr\u00e9-determinada para navegar livremente. Consulte sua  operadora para mais informa\u00e7\u00f5es sobre o seu plano de dados.<\/p>\n<p>Caso seu celular tenha Wi-fi poder\u00e1 navegar livremente nas redes dispon\u00edveis<\/p>\n<p><strong>Por que devo, no celular, optar pela vers\u00e3o m\u00f3vel do site?<\/strong><\/p>\n<p>O site m\u00f3vel foi criado pensando em  tornar mais simples a experi\u00eancia de navegar no celular e ajudar o  usu\u00e1rio a n\u00e3o gastar muito tempo nem dinheiro com isso. O site m\u00f3vel \u00e9  mais leve do que o site-padr\u00e3o e seu design foi planejado para as telas  reduzidas dos celulares.<\/p>\n<p><strong>Posso acessar o site por qualquer operadora?<\/strong><\/p>\n<p>Sim, o site \u00e9 acess\u00edvel para usu\u00e1rios de  qualquer operadora e de qualquer modelo de aparelho que d\u00ea acesso \u00e0  internet. Pode haver restri\u00e7\u00e3o apenas de um pa\u00eds para outro.<\/p>\n<p><strong>O meu celular tem que ter acesso \u00e0 internet para entrar nesse site?<\/strong><\/p>\n<p>Sim. Se ele tiver, em geral, este recurso  estar\u00e1 dispon\u00edvel no menu do aparelho, na \u00e1rea de servi\u00e7os WAP. Muitas  vezes o acesso \u00e0 internet \u00e9 representado pela imagem de um globo  terrestre. A partir da\u00ed, basta acessar o site digitando o endere\u00e7o <strong>https:\/\/www.levandoapalavra.com<\/strong> no browser (programa de navega\u00e7\u00e3o) do seu celular. A gera\u00e7\u00e3o de  celulares 3G tornou isso ainda mais simples, uma vez que aumenta a  velocidade de acesso \u00e0 internet.<\/p>\n<p><strong>O site m\u00f3vel aparece igualzinho em qualquer celular?<\/strong><\/p>\n<p>O conte\u00fado ser\u00e1 sempre o mesmo. Mas as  diferen\u00e7as de propor\u00e7\u00e3o das telas, os programas de navega\u00e7\u00e3o e os  sitemas operacionais variados podem resultar em apar\u00eancias ligeiramente  diferentes entre os sites.<\/p>\n<p><strong>Eu preciso me cadastrar?<\/strong><\/p>\n<p>N\u00e3o. Todo o conte\u00fado do site est\u00e1 disponivel<\/p>\n<p><strong><a href=\"https:\/\/www.levandoapalavra.com\/123\/wp-content\/uploads\/lg-cookie.jpg\"><img loading=\"lazy\" decoding=\"async\" class=\"size-medium wp-image-1527  alignright\" title=\"lg-cookie\" src=\"https:\/\/www.levandoapalavra.com\/123\/wp-content\/uploads\/lg-cookie-280x300.jpg\" alt=\"\" width=\"280\" height=\"300\" srcset=\"https:\/\/www.levandoapalavra.com\/123\/wp-content\/uploads\/lg-cookie-280x300.jpg 280w, https:\/\/www.levandoapalavra.com\/123\/wp-content\/uploads\/lg-cookie-140x150.jpg 140w, https:\/\/www.levandoapalavra.com\/123\/wp-content\/uploads\/lg-cookie.jpg 374w\" sizes=\"auto, (max-width: 280px) 100vw, 280px\" \/><\/a><\/strong><\/p>\n","protected":false},"excerpt":{"rendered":"<p>Levando a Palavra no Celular Leia todas as mensagens direto no seu celular, na vers\u00e3o m\u00f3vel do site. Coloque o site m\u00f3vel do Levando a Palavra no menu do seu&hellip; <\/p>\n","protected":false},"author":1,"featured_media":0,"parent":0,"menu_order":0,"comment_status":"open","ping_status":"open","template":"","meta":{"footnotes":""},"class_list":["post-1524","page","type-page","status-publish","hentry"],"_links":{"self":[{"href":"https:\/\/www.levandoapalavra.com\/123\/index.php?rest_route=\/wp\/v2\/pages\/1524","targetHints":{"allow":["GET"]}}],"collection":[{"href":"https:\/\/www.levandoapalavra.com\/123\/index.php?rest_route=\/wp\/v2\/pages"}],"about":[{"href":"https:\/\/www.levandoapalavra.com\/123\/index.php?rest_route=\/wp\/v2\/types\/page"}],"author":[{"embeddable":true,"href":"https:\/\/www.levandoapalavra.com\/123\/index.php?rest_route=\/wp\/v2\/users\/1"}],"replies":[{"embeddable":true,"href":"https:\/\/www.levandoapalavra.com\/123\/index.php?rest_route=%2Fwp%2Fv2%2Fcomments&post=1524"}],"version-history":[{"count":0,"href":"https:\/\/www.levandoapalavra.com\/123\/index.php?rest_route=\/wp\/v2\/pages\/1524\/revisions"}],"wp:attachment":[{"href":"https:\/\/www.levandoapalavra.com\/123\/index.php?rest_route=%2Fwp%2Fv2%2Fmedia&parent=1524"}],"curies":[{"name":"wp","href":"https:\/\/api.w.org\/{rel}","templated":true}]}}